ue
Let x be (24/5)/(1/5). Suppose f - 5*b - 20 = x, -4*f = b - 239. Is f prime?
True
Suppose -2*u = 55 - 241. Is u a composite number?
True
Suppose h + 2*q - 35 = 2*h, -5*h - 193 = -4*q. Suppose 4*z - 149 = 283. Let t = h + z. Is t composite?
False
Is 753/(-1)*((-28)/(-12) + -3) composite?
True
Let y = -19 + 24. Is y*(1151/(-5))/(-1) prime?
True
Let s(j) be the second derivative of j**4/12 - j**3/3 + j**2/2 - 3*j. Let a be s(3). Suppose 4*l + 0*l + 190 = 2*f, 0 = 5*f + a*l - 433. Is f a prime number?
True
Suppose 566 + 2010 = 4*m. Is m/10 + (-18)/(-30) prime?
False
Suppose -5*q = -9*d + 4*d + 5220, -q - 5208 = -5*d. Is d a prime number?
False
Suppose 647 = -3*i + 4*i. Is i composite?
False
Let f be (-2)/(8/(-12)) + 280. Let u = f - 138. Is u a prime number?
False
Let t be 69/(-3)*-2 - 2. Suppose -17 = 5*o + 108. Let m = o + t. Is m prime?
True
Suppose 3*b - 120 = -3*i - 363, -5*b - 3*i = 399. Let m = 5 - b. Is m a prime number?
True
Suppose 4*w + 0*w - 2*i + 172 = 0, i = 0. Let z = w + 65. Is z a composite number?
True
Let n(l) = -18*l - 6. Let j be n(-6). Let k = 25 + j. Is k prime?
True
Let f(s) be the third derivative of s**6/12 + s**5/30 + s**4/8 - s**3/2 - s**2. Is f(2) a prime number?
False
Let s = 752 + -343. Is s composite?
False
Let z = 8 + -4. Is 1/z - (-177)/12 a prime number?
False
Let q(x) = x**3 + 2*x**2 - x - 2. Let m be q(-2). Let g = m + -10. Is (-10 - 0)*55/g a prime number?
False
Let d be (1 + 1)/((-16)/(-40)). Suppose m - 5*y = 3*m - 234, -m = d*y - 107. Is m a composite number?
False
Suppose 120 = 6*v - v. Suppose 5*b + 5*d = 45, d = -4*b - 0*d + v. Suppose l - w - 3*w - 111 = 0, -b*l + 2*w = -573. Is l prime?
False
Let z = -1704 - -5561. Is 1*3*z/21 prime?
False
Is 1 + (-1 - -1) - -378 a prime number?
True
Let f = 565 + -911. Is (-6)/(-21) + f/(-14) a composite number?
True
Let i(f) = -f**3 - 6*f**2 - 7*f - 6. Let m be i(-5). Suppose a - 4*a = -c - 57, -3*a = m*c - 57. Is a a prime number?
True
Let h = -124 - -239. Is h composite?
True
Is 1/((-5)/(-4895)) - -4 a prime number?
True
Let k = 197 - 131. Is (-420)/(-11) - 12/k composite?
True
Let b = 391 - 174. Is b a prime number?
False
Suppose 6*h + 408 - 4338 = 0. Is h prime?
False
Suppose 200 + 352 = -2*c. Let r = c - -433. Is r a prime number?
True
Let a(y) = -6*y**2 - 5*y + 3. Let l(o) = -13*o**2 - 10*o + 6. Let p(i) = -7*a(i) + 3*l(i). Let w(q) = -2*q. Let f be w(2). Is p(f) a prime number?
False
Let n = -3344 - -10983. Is n a prime number?
True
Let o(m) = -m - 2. Let q be o(5). Is 163 - (1 + q)/(-3) a prime number?
False
Is (1685/(-20))/((-1)/4) a prime number?
True
Let t(x) = -x**3 - 4*x**2 - 3. Let h(l) = l**3 - l. Let i(b) = -4*b**3 + 8*b**2 + 5*b + 5. Let c(u) = -5*h(u) - i(u). Let m be c(-8). Is t(m) composite?
True
Is ((-8)/16)/((-2)/140) a prime number?
False
Let y(d) = -d**3 + 23*d**2 - 2*d - 17. Is y(12) a composite number?
False
Let c(m) = -30*m + 13*m + 23*m - 9. Is c(7) a composite number?
True
Suppose -2*w - 87 = -s, -3*w + 146 = 3*s - s. Is s a prime number?
True
Suppose -2*o = -283 - 7. Is o a composite number?
True
Let l = -6 - -5. Is l/(-1) + -2 + 24 a composite number?
False
Suppose -7*g = -2*g - 970. Is g composite?
True
Let h = -2 - 2. Let z be (-9)/(-2) - h/(-8). Let f(c) = 9*c - 3. Is f(z) a composite number?
True
Suppose b - 4*k - 183 = 0, b - 245 = 3*k - 58. Is b a prime number?
True
Suppose -3*u + 2*d = -3817, u + 1276 = 2*u + 3*d. Is u a prime number?
False
Suppose 39 = z + 5*j, z + 2*j = 1 + 44. Let a = z - -42. Is a a prime number?
False
Suppose 2*n - 4 = 8. Suppose 4*s - n*s = -68. Is s composite?
True
Suppose 4*g + 4 = -4*y, -y - 13 = -2*g + 7*g. Suppose y*h + 2*v + 70 = 4*h, 5*h + 3*v - 143 = 0. Is h composite?
False
Let n(c) = c**2 + 2*c. Let z be n(-3). Suppose -4*b - 28 = -2*p, 5*p + z = -b - 4. Let i = 13 + b. Is i a prime number?
False
Let o(a) = a**3 + 27*a**2 + 15*a - 24. Is o(-25) prime?
False
Let g be (-3 + 8)*(-14)/(-10). Suppose 59 = 2*j - g. Is j composite?
True
Suppose 459 = 3*d - 759. Let k = -279 + d. Is k composite?
False
Let r(m) = -78*m**3 - m**2 - m - 1. Is r(-1) prime?
False
Suppose -26 = -h + 2*h - 5*o, -o + 7 = -2*h. Let w(i) = 83*i**2 - i - 1. Is w(h) composite?
False
Let r(v) = 51*v**2 - v - 7. Is r(3) a prime number?
True
Let f(u) = 4*u - 9. Let p = -27 - -41. Suppose -6 = -2*l - 4*n, 0 = -4*l + 4*n + 22 + p. Is f(l) composite?
False
Let q(t) = 4*t**2 - 2*t - 2. Is q(2) a composite number?
True
Let p(g) = g**3 + 3*g**2 - 1. Let o be p(-2). Suppose 3*h + 341 = 4*s, -6*h + 3*h - 252 = -o*s. Is s composite?
False
Let i be 45700/90 - 4/(-18). Is i/1*7/28 prime?
True
Suppose 5*c + 5 = 20. Suppose 3*q - 20 = c*b - 5, q - 5 = 4*b. Suppose 87 = 3*p + x - 64, -q*p = 4*x - 247. Is p a prime number?
False
Let d = 2 + -2. Let m = 2 + d. Is ((-3)/m)/(1/(-4)) a composite number?
True
Let d be (-12)/(-18) - (-20)/6. Suppose 9 = d*u - 127. Is u a composite number?
True
Let j be 3 - (-2 + 6) - -5. Suppose j*x + x - 95 = 0. Is x a prime number?
True
Let d = 6 + -18. Is (1724/16)/((-3)/d) a prime number?
True
Let d(j) = -4*j - 3. Let v be d(-2). Suppose -4*y = v*h - 25, y + h - 5 = -0. Suppose y = k + 14 - 48. Is k a composite number?
True
Suppose 67 + 52 = k - 3*u, 3*u = -9. Is k - 0 - (-2 - -1) composite?
True
Let t(g) be the third derivative of 7*g**4/24 - g**3/6 - 2*g**2. Let b be t(1). Is 4/3*99/b a prime number?
False
Suppose -4*k = 2*i - 3150, 2*k + i = 2*i + 1573. Is k prime?
True
Let g(x) be the third derivative of x**6/120 - x**5/15 - x**4/12 - 7*x**3/6 + x**2. Let m be g(5). Is (-2)/4 - (-116)/m a composite number?
True
Suppose 4*n - 388 = -4*u, -n - 4*u - 420 = -5*n. Suppose -5*m - n = -2*w, -5*w + 2*m - m + 264 = 0. Is w a prime number?
True
Let x = 134 + -72. Suppose 3*t - 2*i = x, -5*i + 87 = 3*t - 2*i. Suppose -f - 3*f = -t. Is f a prime number?
False
Suppose 0 = 2*x - 3*f - 7309, -f - 11194 = -2*x - 3879. Is x composite?
False
Suppose 0 = -5*t + 2*x + 7383, -1 = -2*x + 1. Is t a composite number?
True
Let h = -1450 - -3185. Is h composite?
True
Suppose -8*z + 3*z = -815. Is z a prime number?
True
Let n(k) = 2*k + 59. Is n(0) composite?
False
Let b = 452 + -257. Suppose 3*x - b = 870. Is x composite?
True
Let g = -2 - -7. Is 1904/40 - 3/g a composite number?
False
Let k(o) = o**3 + o**2 - o + 7. Suppose 4*x - 4*d + 12 = -0*x, -4*d = -x - 18. Suppose 2*f - 2*u - 10 = 0, -3*f + 20 = -2*u - x*u. Is k(f) a prime number?
True
Let v = 0 + 0. Let p be (0/3 + v)*1. Suppose -2*u = -p*u - 62. Is u a composite number?
False
Suppose 3*h = 23 - 5. Suppose t = h*t - 1300. Is (1/((-2)/t))/(-2) composite?
True
Let l(p) = -3*p - 4. Let i be l(-3). Suppose -i*y - x + 137 + 6 = 0, 5*x = 4*y - 97. Suppose -w + y = w. Is w composite?
True
Suppose 7 - 37 = -2*j. Suppose j = -5*d, 3*u - 150 = 3*d - 2*d. Is u a composite number?
True
Let u(y) = 2*y + 11*y**3 + 1 - 5 + 2*y + 1. Is u(2) a prime number?
False
Suppose -4*f + 0*f = 5*n - 499, -5*f - 20 = 0. Let d = 174 - n. Is d a composite number?
False
Is (7 + -793)*(-2)/4 prime?
False
Suppose 9*o - 4*o = 335. Is o composite?
False
Suppose 5*w + 4*q = 631, -2*w + w = -4*q - 131. Is w a composite number?
False
Let p(c) = 12*c**2 - c. Let w = 8 - 3. Let n = -4 + w. Is p(n) composite?
False
Let t = 4 + -2. Suppose -3*y - 7*b + t*b + 1615 = 0, -5*b - 2745 = -5*y. Is y a prime number?
False
Let j be (27/(-4))/(3/12). Let i be 2795/3 + (-9)/j. Suppose 3*x - 7*x + i = 0. Is x composite?
False
Suppose -67 = -i + 2*h, 3*i - 3*h - 293 = -i. Is i composite?
True
Suppose 41 = 5*o + 1. Let x(w) = w + 6. Is x(o) prime?
False
Suppose -4*q = -3*q - 21. Suppose -r - q = 2*r. Is 1/(0 + (-1)/r) a composite number?
False
Suppose 0*h = -3*h + 9. Let o(f) = -4*f**3 + 5*f + 0*f**3 + 5*f**h - 4 - 4*f**2. Is o(5) prime?
False
Suppose p + 111 = x + 2*p, 0 = 2*x + p - 220. Is x prime?
True
Is 2145 + 0 + 4/(2 - 1) a composite number?
True
Is (-793)/(-3) + (-6)/(-9) a prime number?
False
Suppose -698 = 2*h - 4*h. Suppose 3*k = 83 + h. Suppose -4*q + k = x, -15 = -q + 6*x - x. Is q a composite number?
True
Let j(a) = a**2 + 3*a - 1. Suppose 3*p - 12 = 6*p. Let z be j(p). Suppose z*r - 10 = 47. Is r composite?
False
Suppose t - 357 = -2*c, 5*c - 743 = -4*t + 148. Is c a composite number?
False
Suppose 2*t - 2935 = -3*t